[INFO] cloning repository https://github.com/sateffen/rust-tokio-proto-test
[INFO] running `Command { std: "git" "-c" "credential.helper=" "-c" "credential.helper=/workspace/cargo-home/bin/git-credential-null" "clone" "--bare" "https://github.com/sateffen/rust-tokio-proto-test" "/workspace/cache/git-repos/https%3A%2F%2Fgithub.com%2Fsateffen%2Frust-tokio-proto-test", kill_on_drop: false }`
[INFO] [stderr] Cloning into bare repository '/workspace/cache/git-repos/https%3A%2F%2Fgithub.com%2Fsateffen%2Frust-tokio-proto-test'...
[INFO] running `Command { std: "git" "rev-parse" "HEAD", kill_on_drop: false }`
[INFO] [stdout] 967c49bf3d417b23edcb5d26a0905d37aba3cd72
[INFO] checking sateffen/rust-tokio-proto-test against try#72f88fc4e9458f89516a0b8b0868f3718aec5b47 for pr-74989
[INFO] running `Command { std: "git" "clone" "/workspace/cache/git-repos/https%3A%2F%2Fgithub.com%2Fsateffen%2Frust-tokio-proto-test" "/workspace/builds/worker-0/source", kill_on_drop: false }`
[INFO] [stderr] Cloning into '/workspace/builds/worker-0/source'...
[INFO] [stderr] done.
[INFO] validating manifest of git repo https://github.com/sateffen/rust-tokio-proto-test on toolchain 72f88fc4e9458f89516a0b8b0868f3718aec5b47
[INFO] running `Command { std: "/workspace/cargo-home/bin/cargo" "+72f88fc4e9458f89516a0b8b0868f3718aec5b47" "read-manifest" "--manifest-path" "Cargo.toml", kill_on_drop: false }`
[INFO] started tweaking git repo https://github.com/sateffen/rust-tokio-proto-test
[INFO] finished tweaking git repo https://github.com/sateffen/rust-tokio-proto-test
[INFO] tweaked toml for git repo https://github.com/sateffen/rust-tokio-proto-test written to /workspace/builds/worker-0/source/Cargo.toml
[INFO] crate git repo https://github.com/sateffen/rust-tokio-proto-test already has a lockfile, it will not be regenerated
[INFO] running `Command { std: "/workspace/cargo-home/bin/cargo" "+72f88fc4e9458f89516a0b8b0868f3718aec5b47" "fetch" "--locked" "--manifest-path" "Cargo.toml", kill_on_drop: false }`
[INFO] [stderr]     Updating git repository `https://github.com/carllerche/bytes`
[INFO] [stderr]     Updating git repository `https://github.com/tokio-rs/tokio-proto`
[INFO] [stderr] error: the lock file /workspace/builds/worker-0/source/Cargo.lock needs to be updated but --locked was passed to prevent this
[INFO] [stderr] If you want to try to generate the lock file without accessing the network, use the --offline flag.
[INFO] the lockfile is outdated, regenerating it
[INFO] running `Command { std: "/workspace/cargo-home/bin/cargo" "+72f88fc4e9458f89516a0b8b0868f3718aec5b47" "generate-lockfile" "--manifest-path" "Cargo.toml" "-Zno-index-update", kill_on_drop: false }`
[INFO] [stderr]     Updating git repository `https://github.com/carllerche/bytes`
[INFO] [stderr]     Updating git repository `https://github.com/tokio-rs/tokio-proto`
[INFO] [stderr]     Updating git repository `https://github.com/tokio-rs/tokio-service`
[INFO] running `Command { std: "/workspace/cargo-home/bin/cargo" "+72f88fc4e9458f89516a0b8b0868f3718aec5b47" "fetch" "--locked" "--manifest-path" "Cargo.toml", kill_on_drop: false }`
[INFO] [stderr]  Downloading crates ...
[INFO] [stderr]   Downloaded smallvec v0.4.5
[INFO] running `Command { std: "docker" "create" "-v" "/var/lib/crater-agent-workspace/builds/worker-0/target:/opt/rustwide/target:rw,Z" "-v" "/var/lib/crater-agent-workspace/builds/worker-0/source:/opt/rustwide/workdir:ro,Z" "-v" "/var/lib/crater-agent-workspace/cargo-home:/opt/rustwide/cargo-home:ro,Z" "-v" "/var/lib/crater-agent-workspace/rustup-home:/opt/rustwide/rustup-home:ro,Z" "-e" "SOURCE_DIR=/opt/rustwide/workdir" "-e" "CARGO_TARGET_DIR=/opt/rustwide/target" "-e" "CARGO_HOME=/opt/rustwide/cargo-home" "-e" "RUSTUP_HOME=/opt/rustwide/rustup-home" "-w" "/opt/rustwide/workdir" "-m" "1610612736" "--user" "0:0" "--network" "none" "rustops/crates-build-env@sha256:d92eaeed33fa75130ca1ee6c8a01d1ffb62bac859dfdfb3450e3e5d1c0146529" "/opt/rustwide/cargo-home/bin/cargo" "+72f88fc4e9458f89516a0b8b0868f3718aec5b47" "metadata" "--no-deps" "--format-version=1", kill_on_drop: false }`
[INFO] [stderr] WARNING: Your kernel does not support swap limit capabilities or the cgroup is not mounted. Memory limited without swap.
[INFO] [stdout] a0dfa8db36cae8a74a9d60e787aedac553189825aa17a7e1c0b321d93a006447
[INFO] running `Command { std: "docker" "start" "-a" "a0dfa8db36cae8a74a9d60e787aedac553189825aa17a7e1c0b321d93a006447", kill_on_drop: false }`
[INFO] running `Command { std: "docker" "inspect" "a0dfa8db36cae8a74a9d60e787aedac553189825aa17a7e1c0b321d93a006447", kill_on_drop: false }`
[INFO] running `Command { std: "docker" "rm" "-f" "a0dfa8db36cae8a74a9d60e787aedac553189825aa17a7e1c0b321d93a006447", kill_on_drop: false }`
[INFO] [stdout] a0dfa8db36cae8a74a9d60e787aedac553189825aa17a7e1c0b321d93a006447
[INFO] running `Command { std: "docker" "create" "-v" "/var/lib/crater-agent-workspace/builds/worker-0/target:/opt/rustwide/target:rw,Z" "-v" "/var/lib/crater-agent-workspace/builds/worker-0/source:/opt/rustwide/workdir:ro,Z" "-v" "/var/lib/crater-agent-workspace/cargo-home:/opt/rustwide/cargo-home:ro,Z" "-v" "/var/lib/crater-agent-workspace/rustup-home:/opt/rustwide/rustup-home:ro,Z" "-e" "SOURCE_DIR=/opt/rustwide/workdir" "-e" "CARGO_TARGET_DIR=/opt/rustwide/target" "-e" "CARGO_INCREMENTAL=0" "-e" "RUST_BACKTRACE=full" "-e" "RUSTFLAGS=--cap-lints=forbid" "-e" "CARGO_HOME=/opt/rustwide/cargo-home" "-e" "RUSTUP_HOME=/opt/rustwide/rustup-home" "-w" "/opt/rustwide/workdir" "-m" "1610612736" "--user" "0:0" "--network" "none" "rustops/crates-build-env@sha256:d92eaeed33fa75130ca1ee6c8a01d1ffb62bac859dfdfb3450e3e5d1c0146529" "/opt/rustwide/cargo-home/bin/cargo" "+72f88fc4e9458f89516a0b8b0868f3718aec5b47" "check" "--frozen" "--all" "--all-targets" "--message-format=json", kill_on_drop: false }`
[INFO] [stderr] WARNING: Your kernel does not support swap limit capabilities or the cgroup is not mounted. Memory limited without swap.
[INFO] [stdout] e46a9a11a38ddf5c832a3abb2c8151738c9a4eff657101d6deae0965086e40cd
[INFO] running `Command { std: "docker" "start" "-a" "e46a9a11a38ddf5c832a3abb2c8151738c9a4eff657101d6deae0965086e40cd", kill_on_drop: false }`
[INFO] [stderr]    Compiling byteorder v1.3.4
[INFO] [stderr]     Checking slab v0.4.2
[INFO] [stderr]     Checking scoped-tls v0.1.2
[INFO] [stderr]     Checking smallvec v0.4.5
[INFO] [stderr]     Checking bytes v0.5.6 (https://github.com/carllerche/bytes#6fdb7391)
[INFO] [stderr]    Compiling crossbeam-utils v0.7.2
[INFO] [stderr]    Compiling memoffset v0.5.5
[INFO] [stderr]    Compiling crossbeam-epoch v0.8.2
[INFO] [stderr]     Checking tokio-sync v0.1.8
[INFO] [stderr]     Checking tokio-service v0.1.0
[INFO] [stderr]     Checking tokio-service v0.1.0 (https://github.com/tokio-rs/tokio-service#01ab7ecb)
[INFO] [stderr]     Checking net2 v0.2.35
[INFO] [stderr]     Checking num_cpus v1.13.0
[INFO] [stderr]     Checking log v0.4.11
[INFO] [stderr]     Checking parking_lot_core v0.6.2
[INFO] [stderr]     Checking log v0.3.9
[INFO] [stderr]     Checking mio v0.6.22
[INFO] [stderr]     Checking parking_lot v0.9.0
[INFO] [stderr]     Checking tokio-executor v0.1.10
[INFO] [stderr]     Checking crossbeam-queue v0.2.3
[INFO] [stderr]     Checking bytes v0.4.12
[INFO] [stderr]     Checking tokio-timer v0.2.13
[INFO] [stderr]     Checking tokio-current-thread v0.1.7
[INFO] [stderr]     Checking mio-uds v0.6.8
[INFO] [stderr]     Checking crossbeam-deque v0.7.3
[INFO] [stderr]     Checking tokio-threadpool v0.1.18
[INFO] [stderr]     Checking tokio-io v0.1.13
[INFO] [stderr]     Checking tokio-reactor v0.1.12
[INFO] [stderr]     Checking tokio-codec v0.1.2
[INFO] [stderr]     Checking tokio-fs v0.1.7
[INFO] [stderr]     Checking tokio-udp v0.1.6
[INFO] [stderr]     Checking tokio-tcp v0.1.4
[INFO] [stderr]     Checking tokio-uds v0.2.7
[INFO] [stderr]     Checking tokio v0.1.22
[INFO] [stderr]     Checking tokio-core v0.1.17
[INFO] [stderr]     Checking tokio-proto v0.1.1 (https://github.com/tokio-rs/tokio-proto#56c720ea)
[INFO] [stderr]     Checking rust-tokio-proto-test v0.1.0 (/opt/rustwide/workdir)
[INFO] [stdout] error[E0432]: unresolved import `bytes::buf::BlockBuf`
[INFO] [stdout]  --> src/parser.rs:3:5
[INFO] [stdout]   |
[INFO] [stdout] 3 | use bytes::buf::BlockBuf;
[INFO] [stdout]   |     ^^^^^^^^^^^^^^^^^^^^ no `BlockBuf` in `buf`
[INFO] [stdout] 
[INFO] [stdout] 
[INFO] [stdout] error[E0432]: unresolved import `tokio_proto::Parse`
[INFO] [stdout]  --> src/parser.rs:4:19
[INFO] [stdout]   |
[INFO] [stdout] 4 | use tokio_proto::{Parse, pipeline};
[INFO] [stdout]   |                   ^^^^^ no `Parse` in the root
[INFO] [stdout] 
[INFO] [stdout] 
[INFO] [stdout] error[E0432]: unresolved import `bytes::MutBuf`
[INFO] [stdout]  --> src/serializer.rs:2:5
[INFO] [stdout]   |
[INFO] [stdout] 2 | use bytes::MutBuf;
[INFO] [stdout]   |     ^^^^^^^^^^^^^ no `MutBuf` in the root
[INFO] [stdout] 
[INFO] [stdout] 
[INFO] [stdout] error[E0432]: unresolved import `bytes::buf::BlockBuf`
[INFO] [stdout]  --> src/serializer.rs:3:5
[INFO] [stdout]   |
[INFO] [stdout] 3 | use bytes::buf::BlockBuf;
[INFO] [stdout]   |     ^^^^^^^^^^^^^^^^^^^^ no `BlockBuf` in `buf`
[INFO] [stdout] 
[INFO] [stdout] 
[INFO] [stdout] error[E0432]: unresolved import `tokio_proto::Serialize`
[INFO] [stdout]  --> src/serializer.rs:4:19
[INFO] [stdout]   |
[INFO] [stdout] 4 | use tokio_proto::{Serialize, pipeline};
[INFO] [stdout]   |                   ^^^^^^^^^ no `Serialize` in the root
[INFO] [stdout] 
[INFO] [stdout] 
[INFO] [stdout] error[E0432]: unresolved import `tokio_proto::Message`
[INFO] [stdout]  --> src/service.rs:5:5
[INFO] [stdout]   |
[INFO] [stdout] 5 | use tokio_proto::Message;
[INFO] [stdout]   |     ^^^^^^^^^^^^^^^^^^^^ no `Message` in the root
[INFO] [stdout] 
[INFO] [stdout] 
[INFO] [stdout] error[E0432]: unresolved import `bytes::buf::BlockBuf`
[INFO] [stdout]   --> src/main.rs:17:5
[INFO] [stdout]    |
[INFO] [stdout] 17 | use bytes::buf::BlockBuf;
[INFO] [stdout]    |     ^^^^^^^^^^^^^^^^^^^^ no `BlockBuf` in `buf`
[INFO] [stdout] 
[INFO] [stdout] 
[INFO] [stdout] error[E0432]: unresolved imports `tokio_proto::server`, `tokio_proto::Framed`
[INFO] [stdout]   --> src/main.rs:19:19
[INFO] [stdout]    |
[INFO] [stdout] 19 | use tokio_proto::{server, Framed, pipeline};
[INFO] [stdout]    |                   ^^^^^^  ^^^^^^ no `Framed` in the root
[INFO] [stdout]    |                   |
[INFO] [stdout]    |                   no `server` in the root
[INFO] [stdout] 
[INFO] [stdout] 
[INFO] [stdout] error[E0432]: unresolved import `bytes::buf::BlockBuf`
[INFO] [stdout]  --> src/parser.rs:3:5
[INFO] [stdout]   |
[INFO] [stdout] 3 | use bytes::buf::BlockBuf;
[INFO] [stdout]   |     ^^^^^^^^^^^^^^^^^^^^ no `BlockBuf` in `buf`
[INFO] [stdout] 
[INFO] [stdout] 
[INFO] [stdout] error[E0432]: unresolved import `tokio_proto::Parse`
[INFO] [stdout]  --> src/parser.rs:4:19
[INFO] [stdout]   |
[INFO] [stdout] 4 | use tokio_proto::{Parse, pipeline};
[INFO] [stdout]   |                   ^^^^^ no `Parse` in the root
[INFO] [stdout] 
[INFO] [stdout] 
[INFO] [stdout] error[E0432]: unresolved import `bytes::MutBuf`
[INFO] [stdout]  --> src/serializer.rs:2:5
[INFO] [stdout]   |
[INFO] [stdout] 2 | use bytes::MutBuf;
[INFO] [stdout]   |     ^^^^^^^^^^^^^ no `MutBuf` in the root
[INFO] [stdout] 
[INFO] [stdout] 
[INFO] [stdout] error[E0432]: unresolved import `bytes::buf::BlockBuf`
[INFO] [stdout]  --> src/serializer.rs:3:5
[INFO] [stdout]   |
[INFO] [stdout] 3 | use bytes::buf::BlockBuf;
[INFO] [stdout]   |     ^^^^^^^^^^^^^^^^^^^^ no `BlockBuf` in `buf`
[INFO] [stdout] 
[INFO] [stdout] 
[INFO] [stdout] error[E0432]: unresolved import `tokio_proto::Serialize`
[INFO] [stdout]  --> src/serializer.rs:4:19
[INFO] [stdout]   |
[INFO] [stdout] 4 | use tokio_proto::{Serialize, pipeline};
[INFO] [stdout]   |                   ^^^^^^^^^ no `Serialize` in the root
[INFO] [stdout] 
[INFO] [stdout] 
[INFO] [stdout] error[E0432]: unresolved import `tokio_proto::Message`
[INFO] [stdout]  --> src/service.rs:5:5
[INFO] [stdout]   |
[INFO] [stdout] 5 | use tokio_proto::Message;
[INFO] [stdout]   |     ^^^^^^^^^^^^^^^^^^^^ no `Message` in the root
[INFO] [stdout] 
[INFO] [stdout] 
[INFO] [stdout] error[E0432]: unresolved import `bytes::buf::BlockBuf`
[INFO] [stdout]   --> src/main.rs:17:5
[INFO] [stdout]    |
[INFO] [stdout] 17 | use bytes::buf::BlockBuf;
[INFO] [stdout]    |     ^^^^^^^^^^^^^^^^^^^^ no `BlockBuf` in `buf`
[INFO] [stdout] 
[INFO] [stdout] 
[INFO] [stdout] error[E0432]: unresolved imports `tokio_proto::server`, `tokio_proto::Framed`
[INFO] [stdout]   --> src/main.rs:19:19
[INFO] [stdout]    |
[INFO] [stdout] 19 | use tokio_proto::{server, Framed, pipeline};
[INFO] [stdout]    |                   ^^^^^^  ^^^^^^ no `Framed` in the root
[INFO] [stdout]    |                   |
[INFO] [stdout]    |                   no `server` in the root
[INFO] [stdout] 
[INFO] [stdout] 
[INFO] [stdout] error[E0433]: failed to resolve: could not find `Frame` in `pipeline`
[INFO] [stdout]   --> src/serializer.rs:21:23
[INFO] [stdout]    |
[INFO] [stdout] 21 |             pipeline::Frame::Message(msg) => buf.write_str(&msg),
[INFO] [stdout]    |                       ^^^^^ could not find `Frame` in `pipeline`
[INFO] [stdout] 
[INFO] [stdout] 
[INFO] [stdout] error[E0433]: failed to resolve: could not find `Frame` in `pipeline`
[INFO] [stdout]   --> src/serializer.rs:22:23
[INFO] [stdout]    |
[INFO] [stdout] 22 |             pipeline::Frame::Body(body) => println!("BODY{:?}", body),
[INFO] [stdout]    |                       ^^^^^ could not find `Frame` in `pipeline`
[INFO] [stdout] 
[INFO] [stdout] 
[INFO] [stdout] error[E0433]: failed to resolve: could not find `Frame` in `pipeline`
[INFO] [stdout]   --> src/serializer.rs:23:23
[INFO] [stdout]    |
[INFO] [stdout] 23 |             pipeline::Frame::MessageWithBody(_,_) => println!("GOT MESSAGE WITH BODY"),
[INFO] [stdout]    |                       ^^^^^ could not find `Frame` in `pipeline`
[INFO] [stdout] 
[INFO] [stdout] 
[INFO] [stdout] error[E0433]: failed to resolve: could not find `Frame` in `pipeline`
[INFO] [stdout]   --> src/serializer.rs:24:23
[INFO] [stdout]    |
[INFO] [stdout] 24 |             pipeline::Frame::Error(e) => println!("Error {:?}", e),
[INFO] [stdout]    |                       ^^^^^ could not find `Frame` in `pipeline`
[INFO] [stdout] 
[INFO] [stdout] 
[INFO] [stdout] error[E0433]: failed to resolve: could not find `Frame` in `pipeline`
[INFO] [stdout]   --> src/serializer.rs:25:23
[INFO] [stdout]    |
[INFO] [stdout] 25 |             pipeline::Frame::Done => println!("DONE"),
[INFO] [stdout]    |                       ^^^^^ could not find `Frame` in `pipeline`
[INFO] [stdout] 
[INFO] [stdout] 
[INFO] [stdout] error[E0407]: method `poll_ready` is not a member of trait `Service`
[INFO] [stdout]   --> src/service.rs:40:5
[INFO] [stdout]    |
[INFO] [stdout] 40 | /     fn poll_ready(&self) -> Async<()> {
[INFO] [stdout] 41 | |         Async::Ready(())
[INFO] [stdout] 42 | |     }
[INFO] [stdout]    | |_____^ not a member of trait `Service`
[INFO] [stdout] 
[INFO] [stdout] 
[INFO] [stdout] error[E0433]: failed to resolve: could not find `Server` in `pipeline`
[INFO] [stdout]   --> src/main.rs:50:19
[INFO] [stdout]    |
[INFO] [stdout] 50 |         pipeline::Server::new(
[INFO] [stdout]    |                   ^^^^^^ could not find `Server` in `pipeline`
[INFO] [stdout] 
[INFO] [stdout] 
[INFO] [stdout] error[E0412]: cannot find type `Frame` in module `pipeline`
[INFO] [stdout]   --> src/typedefs.rs:10:28
[INFO] [stdout]    |
[INFO] [stdout] 10 | pub type Frame = pipeline::Frame<FrameMessage, FrameBody, Error>;
[INFO] [stdout]    |                            ^^^^^ not found in `pipeline`
[INFO] [stdout]    |
[INFO] [stdout] help: consider importing one of these items
[INFO] [stdout]    |
[INFO] [stdout] 1  | use tokio_proto::streaming::multiplex::Frame;
[INFO] [stdout]    |
[INFO] [stdout] 1  | use tokio_proto::streaming::pipeline::Frame;
[INFO] [stdout]    |
[INFO] [stdout] 
[INFO] [stdout] 
[INFO] [stdout] error[E0433]: failed to resolve: could not find `Frame` in `pipeline`
[INFO] [stdout]   --> src/parser.rs:40:37
[INFO] [stdout]    |
[INFO] [stdout] 40 |             Ok(s) => Some(pipeline::Frame::Message(s.to_string())),
[INFO] [stdout]    |                                     ^^^^^ not found in `pipeline`
[INFO] [stdout]    |
[INFO] [stdout] help: consider importing one of these items
[INFO] [stdout]    |
[INFO] [stdout] 1  | use tokio_proto::streaming::multiplex::Frame;
[INFO] [stdout]    |
[INFO] [stdout] 1  | use tokio_proto::streaming::pipeline::Frame;
[INFO] [stdout]    |
[INFO] [stdout] 1  | use typedefs::Frame;
[INFO] [stdout]    |
[INFO] [stdout] 
[INFO] [stdout] 
[INFO] [stdout] error[E0433]: failed to resolve: could not find `Frame` in `pipeline`
[INFO] [stdout]   --> src/parser.rs:41:38
[INFO] [stdout]    |
[INFO] [stdout] 41 |             Err(_) => Some(pipeline::Frame::Error(Error::new(ErrorKind::Other, "invalid string"))),
[INFO] [stdout]    |                                      ^^^^^ not found in `pipeline`
[INFO] [stdout]    |
[INFO] [stdout] help: consider importing one of these items
[INFO] [stdout]    |
[INFO] [stdout] 1  | use tokio_proto::streaming::multiplex::Frame;
[INFO] [stdout]    |
[INFO] [stdout] 1  | use tokio_proto::streaming::pipeline::Frame;
[INFO] [stdout]    |
[INFO] [stdout] 1  | use typedefs::Frame;
[INFO] [stdout]    |
[INFO] [stdout] 
[INFO] [stdout] 
[INFO] [stdout] warning: trait objects without an explicit `dyn` are deprecated
[INFO] [stdout]   --> src/service.rs:19:23
[INFO] [stdout]    |
[INFO] [stdout] 19 |     type Future = Box<Future<Item = Self::Response, Error = Self::Error>>;
[INFO] [stdout]    |                       ^^^^^^^^^^^^^^^^^^^^^^^^^^^^^^^^^^^^^^^^^^^^^^^^^^ help: use `dyn`: `dyn Future<Item = Self::Response, Error = Self::Error>`
[INFO] [stdout]    |
[INFO] [stdout]    = note: `#[warn(bare_trait_objects)]` on by default
[INFO] [stdout] 
[INFO] [stdout] 
[INFO] [stdout] error: aborting due to 18 previous errors; 1 warning emitted
[INFO] [stdout] 
[INFO] [stdout] 
[INFO] [stdout] Some errors have detailed explanations: E0407, E0412, E0432, E0433.
[INFO] [stdout] 
[INFO] [stdout] For more information about an error, try `rustc --explain E0407`.
[INFO] [stdout] 
[INFO] [stdout] error[E0433]: failed to resolve: could not find `Frame` in `pipeline`
[INFO] [stdout]   --> src/serializer.rs:21:23
[INFO] [stdout]    |
[INFO] [stdout] 21 |             pipeline::Frame::Message(msg) => buf.write_str(&msg),
[INFO] [stdout]    |                       ^^^^^ could not find `Frame` in `pipeline`
[INFO] [stdout] 
[INFO] [stdout] 
[INFO] [stdout] error[E0433]: failed to resolve: could not find `Frame` in `pipeline`
[INFO] [stdout]   --> src/serializer.rs:22:23
[INFO] [stdout]    |
[INFO] [stdout] 22 |             pipeline::Frame::Body(body) => println!("BODY{:?}", body),
[INFO] [stdout]    |                       ^^^^^ could not find `Frame` in `pipeline`
[INFO] [stdout] 
[INFO] [stdout] 
[INFO] [stdout] error[E0433]: failed to resolve: could not find `Frame` in `pipeline`
[INFO] [stdout]   --> src/serializer.rs:23:23
[INFO] [stdout]    |
[INFO] [stdout] 23 |             pipeline::Frame::MessageWithBody(_,_) => println!("GOT MESSAGE WITH BODY"),
[INFO] [stdout]    |                       ^^^^^ could not find `Frame` in `pipeline`
[INFO] [stdout] 
[INFO] [stdout] 
[INFO] [stdout] error[E0433]: failed to resolve: could not find `Frame` in `pipeline`
[INFO] [stdout]   --> src/serializer.rs:24:23
[INFO] [stdout]    |
[INFO] [stdout] 24 |             pipeline::Frame::Error(e) => println!("Error {:?}", e),
[INFO] [stdout]    |                       ^^^^^ could not find `Frame` in `pipeline`
[INFO] [stdout] 
[INFO] [stdout] 
[INFO] [stdout] error[E0433]: failed to resolve: could not find `Frame` in `pipeline`
[INFO] [stdout]   --> src/serializer.rs:25:23
[INFO] [stdout]    |
[INFO] [stdout] 25 |             pipeline::Frame::Done => println!("DONE"),
[INFO] [stdout]    |                       ^^^^^ could not find `Frame` in `pipeline`
[INFO] [stdout] 
[INFO] [stdout] 
[INFO] [stdout] error[E0407]: method `poll_ready` is not a member of trait `Service`
[INFO] [stdout]   --> src/service.rs:40:5
[INFO] [stdout]    |
[INFO] [stdout] 40 | /     fn poll_ready(&self) -> Async<()> {
[INFO] [stdout] 41 | |         Async::Ready(())
[INFO] [stdout] 42 | |     }
[INFO] [stdout]    | |_____^ not a member of trait `Service`
[INFO] [stdout] 
[INFO] [stdout] 
[INFO] [stdout] error[E0433]: failed to resolve: could not find `Server` in `pipeline`
[INFO] [stdout]   --> src/main.rs:50:19
[INFO] [stdout]    |
[INFO] [stdout] 50 |         pipeline::Server::new(
[INFO] [stdout]    |                   ^^^^^^ could not find `Server` in `pipeline`
[INFO] [stdout] 
[INFO] [stdout] 
[INFO] [stdout] error[E0412]: cannot find type `Frame` in module `pipeline`
[INFO] [stdout]   --> src/typedefs.rs:10:28
[INFO] [stdout]    |
[INFO] [stdout] 10 | pub type Frame = pipeline::Frame<FrameMessage, FrameBody, Error>;
[INFO] [stdout]    |                            ^^^^^ not found in `pipeline`
[INFO] [stdout]    |
[INFO] [stdout] help: consider importing one of these items
[INFO] [stdout]    |
[INFO] [stdout] 1  | use tokio_proto::streaming::multiplex::Frame;
[INFO] [stdout]    |
[INFO] [stdout] 1  | use tokio_proto::streaming::pipeline::Frame;
[INFO] [stdout]    |
[INFO] [stdout] 
[INFO] [stdout] 
[INFO] [stdout] error[E0433]: failed to resolve: could not find `Frame` in `pipeline`
[INFO] [stdout]   --> src/parser.rs:40:37
[INFO] [stdout]    |
[INFO] [stdout] 40 |             Ok(s) => Some(pipeline::Frame::Message(s.to_string())),
[INFO] [stdout]    |                                     ^^^^^ not found in `pipeline`
[INFO] [stdout]    |
[INFO] [stdout] help: consider importing one of these items
[INFO] [stdout]    |
[INFO] [stdout] 1  | use tokio_proto::streaming::multiplex::Frame;
[INFO] [stdout]    |
[INFO] [stdout] 1  | use tokio_proto::streaming::pipeline::Frame;
[INFO] [stdout]    |
[INFO] [stdout] 1  | use typedefs::Frame;
[INFO] [stdout]    |
[INFO] [stdout] 
[INFO] [stdout] 
[INFO] [stdout] error[E0433]: failed to resolve: could not find `Frame` in `pipeline`
[INFO] [stdout]   --> src/parser.rs:41:38
[INFO] [stdout]    |
[INFO] [stdout] 41 |             Err(_) => Some(pipeline::Frame::Error(Error::new(ErrorKind::Other, "invalid string"))),
[INFO] [stdout]    |                                      ^^^^^ not found in `pipeline`
[INFO] [stdout]    |
[INFO] [stdout] help: consider importing one of these items
[INFO] [stdout]    |
[INFO] [stdout] 1  | use tokio_proto::streaming::multiplex::Frame;
[INFO] [stdout]    |
[INFO] [stdout] 1  | use tokio_proto::streaming::pipeline::Frame;
[INFO] [stdout]    |
[INFO] [stdout] 1  | use typedefs::Frame;
[INFO] [stdout]    |
[INFO] [stdout] 
[INFO] [stdout] 
[INFO] [stderr] error: could not compile `rust-tokio-proto-test`.
[INFO] [stdout] warning: trait objects without an explicit `dyn` are deprecated
[INFO] [stdout]   --> src/service.rs:19:23
[INFO] [stdout]    |
[INFO] [stdout] 19 |     type Future = Box<Future<Item = Self::Response, Error = Self::Error>>;
[INFO] [stdout]    |                       ^^^^^^^^^^^^^^^^^^^^^^^^^^^^^^^^^^^^^^^^^^^^^^^^^^ help: use `dyn`: `dyn Future<Item = Self::Response, Error = Self::Error>`
[INFO] [stdout]    |
[INFO] [stdout]    = note: `#[warn(bare_trait_objects)]` on by default
[INFO] [stdout] 
[INFO] [stdout] 
[INFO] [stderr] 
[INFO] [stdout] error: aborting due to 18 previous errors; 1 warning emitted
[INFO] [stdout] 
[INFO] [stdout] 
[INFO] [stderr] To learn more, run the command again with --verbose.
[INFO] [stdout] Some errors have detailed explanations: E0407, E0412, E0432, E0433.
[INFO] [stdout] 
[INFO] [stderr] warning: build failed, waiting for other jobs to finish...
[INFO] [stdout] For more information about an error, try `rustc --explain E0407`.
[INFO] [stdout] 
[INFO] [stderr] error: build failed
[INFO] running `Command { std: "docker" "inspect" "e46a9a11a38ddf5c832a3abb2c8151738c9a4eff657101d6deae0965086e40cd", kill_on_drop: false }`
[INFO] running `Command { std: "docker" "rm" "-f" "e46a9a11a38ddf5c832a3abb2c8151738c9a4eff657101d6deae0965086e40cd", kill_on_drop: false }`
[INFO] [stdout] e46a9a11a38ddf5c832a3abb2c8151738c9a4eff657101d6deae0965086e40cd
